{"id":3403,"date":"2022-03-17T18:19:18","date_gmt":"2022-03-17T22:19:18","guid":{"rendered":"https:\/\/www.emecmt.com\/?page_id=3403"},"modified":"2025-04-01T15:25:50","modified_gmt":"2025-04-01T19:25:50","slug":"inscription-a-levenement-confirmee","status":"publish","type":"page","link":"https:\/\/www.emecmt.com\/fr\/evenements-et-actualites\/portes-ouvertes-annuelles-conjointes\/inscription-a-levenement-confirmee\/","title":{"rendered":"Annual JOH Event Registration- Thank You (FR)"},"content":{"rendered":"<section class=\"wpb-content-wrapper\"><p>[vc_section][vc_row][vc_column width=&#8221;2\/3&#8243; offset=&#8221;vc_col-lg-offset-2 vc_col-lg-8 vc_col-md-offset-2 vc_col-md-8 vc_col-sm-offset-2&#8243;][vc_single_image image=&#8221;463&#8243; img_size=&#8221;medium&#8221; alignment=&#8221;center&#8221; el_class=&#8221;py-5 mb-5&#8243;]<h1 class='section-heading h2 align-center text-uppercase txt-black pt-md-5 '>INSCRIPTION \u00c0 L'\u00c9V\u00c9NEMENT CONFIRM\u00c9E<\/h1><div class='section-content wpb_text_column wpb_content_element align-center emphasis txt-mid-grey pb-3 '><div class='wpb_wrapper'><p>Merci d&#8217;avoir confirm\u00e9 votre inscription \u00e0 l&#8217;\u00e9v\u00e9nement Portes ouvertes annuelles conjointes. Nous sommes impatients de vous rencontrer \u00e0 notre \u00e9tablissement!<\/p>\n<\/div><\/div>[\/vc_column][\/vc_row][vc_row][vc_column width=&#8221;5\/6&#8243; offset=&#8221;vc_col-lg-offset-1 vc_col-lg-10 vc_col-md-offset-1 vc_col-md-10 vc_col-sm-offset-1&#8243; el_class=&#8221;d-flex text-center&#8221;][vc_btn title=&#8221;NOS PRODUITS&#8221; color=&#8221;stylized_button&#8221; i_align=&#8221;right&#8221; i_icon_fontawesome=&#8221;fas fa-chevron-right&#8221; add_icon=&#8221;true&#8221; link=&#8221;url:https%3A%2F%2Fwww.emecmt.com%2Ffr%2Fproduits%2F|title:NOS%20PRODUITS&#8221; el_class=&#8221;btn-mobile-block&#8221;][vc_btn title=&#8221;A PROPOS DE NOUS&#8221; color=&#8221;stylized_button&#8221; i_align=&#8221;right&#8221; i_icon_fontawesome=&#8221;fas fa-chevron-right&#8221; add_icon=&#8221;true&#8221; link=&#8221;url:https%3A%2F%2Fwww.emecmt.com%2Ffr%2Fa-propos-de-nous%2F|title:%C3%80%20PROPOS%20DE%20NOUS&#8221; el_class=&#8221;btn-mobile-block&#8221;][vc_btn title=&#8221;Centre d\u2019apprentissage&#8221; color=&#8221;stylized_button&#8221; i_align=&#8221;right&#8221; i_icon_fontawesome=&#8221;fas fa-chevron-right&#8221; add_icon=&#8221;true&#8221; link=&#8221;url:https%3A%2F%2Fwww.emecmt.com%2Ffr%2Fcentre-dapprentissage%2F|title:Centre%20d%E2%80%99apprentissage&#8221; el_class=&#8221;btn-mobile-block&#8221;][\/vc_column][\/vc_row][vc_row][vc_column]<div class='section-content wpb_text_column wpb_content_element align-center Select txt-blue  '><div class='wpb_wrapper'><p><a title=\"Annual JOH Event \u2013 Mississauga (FR)\" href=\"https:\/\/www.emecmt.com\/fr\/evenements-et-actualites\/portes-ouvertes-annuelles-conjointes-2025\/\">Ou retournez \u00e0 la page de l&#8217;\u00e9v\u00e9nement portes ouvertes annuel conjoint<\/a><\/p>\n<\/div><\/div>[\/vc_column][\/vc_row][\/vc_section]<\/p>\n<\/section>","protected":false},"excerpt":{"rendered":"<p>[vc_section][vc_row][vc_column width=&#8221;2\/3&#8243; offset=&#8221;vc_col-lg-offset-2 vc_col-lg-8 vc_col-md-offset-2 vc_col-md-8 vc_col-sm-offset-2&#8243;][vc_single_image image=&#8221;463&#8243; img_size=&#8221;medium&#8221; alignment=&#8221;center&#8221; el_class=&#8221;py-5 mb-5&#8243;][\/vc_column][\/vc_row][vc_row][vc_column width=&#8221;5\/6&#8243; offset=&#8221;vc_col-lg-offset-1 vc_col-lg-10 vc_col-md-offset-1 vc_col-md-10 vc_col-sm-offset-1&#8243; el_class=&#8221;d-flex text-center&#8221;][vc_btn title=&#8221;NOS PRODUITS&#8221; color=&#8221;stylized_button&#8221; i_align=&#8221;right&#8221; i_icon_fontawesome=&#8221;fas fa-chevron-right&#8221; add_icon=&#8221;true&#8221; link=&#8221;url:https%3A%2F%2Fwww.emecmt.com%2Ffr%2Fproduits%2F|title:NOS%20PRODUITS&#8221; el_class=&#8221;btn-mobile-block&#8221;][vc_btn title=&#8221;A PROPOS DE NOUS&#8221; color=&#8221;stylized_button&#8221; i_align=&#8221;right&#8221; i_icon_fontawesome=&#8221;fas fa-chevron-right&#8221; add_icon=&#8221;true&#8221; link=&#8221;url:https%3A%2F%2Fwww.emecmt.com%2Ffr%2Fa-propos-de-nous%2F|title:%C3%80%20PROPOS%20DE%20NOUS&#8221; el_class=&#8221;btn-mobile-block&#8221;][vc_btn title=&#8221;Centre d\u2019apprentissage&#8221; color=&#8221;stylized_button&#8221; i_align=&#8221;right&#8221; [&hellip;]<\/p>\n","protected":false},"author":6,"featured_media":0,"parent":4802,"menu_order":6,"comment_status":"closed","ping_status":"closed","template":"","meta":{"footnotes":""},"class_list":["post-3403","page","type-page","status-publish","hentry"],"acf":[],"aioseo_notices":[],"_links":{"self":[{"href":"https:\/\/www.emecmt.com\/fr\/wp-json\/wp\/v2\/pages\/3403","targetHints":{"allow":["GET"]}}],"collection":[{"href":"https:\/\/www.emecmt.com\/fr\/wp-json\/wp\/v2\/pages"}],"about":[{"href":"https:\/\/www.emecmt.com\/fr\/wp-json\/wp\/v2\/types\/page"}],"author":[{"embeddable":true,"href":"https:\/\/www.emecmt.com\/fr\/wp-json\/wp\/v2\/users\/6"}],"replies":[{"embeddable":true,"href":"https:\/\/www.emecmt.com\/fr\/wp-json\/wp\/v2\/comments?post=3403"}],"version-history":[{"count":0,"href":"https:\/\/www.emecmt.com\/fr\/wp-json\/wp\/v2\/pages\/3403\/revisions"}],"up":[{"embeddable":true,"href":"https:\/\/www.emecmt.com\/fr\/wp-json\/wp\/v2\/pages\/4802"}],"wp:attachment":[{"href":"https:\/\/www.emecmt.com\/fr\/wp-json\/wp\/v2\/media?parent=3403"}],"curies":[{"name":"wp","href":"https:\/\/api.w.org\/{rel}","templated":true}]}}

<section class="wpb-content-wrapper"><p>[vc_section][vc_row][vc_column width=&#8221;2/3&#8243; offset=&#8221;vc_col-lg-offset-2 vc_col-lg-8 vc_col-md-offset-2 vc_col-md-8 vc_col-sm-offset-2&#8243;][vc_single_image image=&#8221;463&#8243; img_size=&#8221;medium&#8221; alignment=&#8221;center&#8221; el_class=&#8221;py-5 mb-5&#8243;]<h1 class='section-heading h2 align-center text-uppercase txt-black pt-md-5 '>INSCRIPTION À L'ÉVÉNEMENT CONFIRMÉE</h1><div class='section-content wpb_text_column wpb_content_element align-center emphasis txt-mid-grey pb-3 '><div class='wpb_wrapper'><p>Merci d&#8217;avoir confirmé votre inscription à l&#8217;événement Portes ouvertes annuelles conjointes. Nous sommes impatients de vous rencontrer à notre établissement!</p>
</div></div>[/vc_column][/vc_row][vc_row][vc_column width=&#8221;5/6&#8243; offset=&#8221;vc_col-lg-offset-1 vc_col-lg-10 vc_col-md-offset-1 vc_col-md-10 vc_col-sm-offset-1&#8243; el_class=&#8221;d-flex text-center&#8221;][vc_btn title=&#8221;NOS PRODUITS&#8221; color=&#8221;stylized_button&#8221; i_align=&#8221;right&#8221; i_icon_fontawesome=&#8221;fas fa-chevron-right&#8221; add_icon=&#8221;true&#8221; link=&#8221;url:https%3A%2F%2Fwww.emecmt.com%2Ffr%2Fproduits%2F|title:NOS%20PRODUITS&#8221; el_class=&#8221;btn-mobile-block&#8221;][vc_btn title=&#8221;A PROPOS DE NOUS&#8221; color=&#8221;stylized_button&#8221; i_align=&#8221;right&#8221; i_icon_fontawesome=&#8221;fas fa-chevron-right&#8221; add_icon=&#8221;true&#8221; link=&#8221;url:https%3A%2F%2Fwww.emecmt.com%2Ffr%2Fa-propos-de-nous%2F|title:%C3%80%20PROPOS%20DE%20NOUS&#8221; el_class=&#8221;btn-mobile-block&#8221;][vc_btn title=&#8221;Centre d’apprentissage&#8221; color=&#8221;stylized_button&#8221; i_align=&#8221;right&#8221; i_icon_fontawesome=&#8221;fas fa-chevron-right&#8221; add_icon=&#8221;true&#8221; link=&#8221;url:https%3A%2F%2Fwww.emecmt.com%2Ffr%2Fcentre-dapprentissage%2F|title:Centre%20d%E2%80%99apprentissage&#8221; el_class=&#8221;btn-mobile-block&#8221;][/vc_column][/vc_row][vc_row][vc_column]<div class='section-content wpb_text_column wpb_content_element align-center Select txt-blue  '><div class='wpb_wrapper'><p><a title="Annual JOH Event – Mississauga (FR)" href="https://www.emecmt.com/fr/evenements-et-actualites/portes-ouvertes-annuelles-conjointes-2025/">Ou retournez à la page de l&#8217;événement portes ouvertes annuel conjoint</a></p>
</div></div>[/vc_column][/vc_row][/vc_section]</p>
</section>
